7. Give d(y).
-5
Let z(k) = -3*k - 1. Let j = -3 - -23. Suppose d - 2*c + 8 = 0, -2*d + j = -d + 5*c. Let h = -3 - d. Calculate z(h).
8
Let z(v) be the first derivative of v**4/4 + 5*v**3/3 - 3*v**2 - 6*v + 2. Let i be 6/(0/(-2) + -1). Determine z(i).
-6
Suppose 18*j = -52 + 16. Let d(x) = x**2 + x + 1. Give d(j).
3
Let s(y) be the first derivative of y**3/3 + 5*y**2/2 - 16. What is s(-5)?
0
Let m(k) = -9 + 2 - 2*k - 2*k - 2*k - k**2. Give m(-6).
-7
Suppose -5*a - 2*o + 56 = -o, 3*o = -5*a + 48. Let h = a + -9. Let p(u) = -3*u**2 + u**h - 2 + 6*u - u**2 - 4*u. Calculate p(2).
-6
Let k(z) be the second derivative of -1/3*z**3 + 0*z**2 + 0 + 1/20*z**5 + 10*z + 1/4*z**4. What is k(-3)?
6
Let q = 4 - 3. Let h be -6 + (q - 2) - -2. Let i(r) = -r**3 + 4*r**2 - 7*r - 1. Let p(j) = -j**3 - j. Let t(x) = i(x) - 2*p(x). What is t(h)?
-1
Let y(k) be the second derivative of -17*k**3/6 + k**2/2 - 21*k. Give y(1).
-16
Let u(s) = -2*s**2 - 11*s + 5. Let f(w) = 5*w**2 + 32*w - 15. Let v(m) = 3*f(m) + 8*u(m). Give v(6).
7
Let c(u) = 3*u**2 - 1 - 7*u**2 + u + 0*u**2. Determine c(1).
-4
Suppose -3*x = -s + 6, -2*x + 7 = -4*s + 7*s. Let o = s - 7. Let y(v) = 0 - 5 - 3*v + 0. What is y(o)?
7
Let o(i) = 16*i + 1. Let x(u) = -u**3 + u**2 + 5*u + 2. Let z be x(3). Determine o(z).
-15
Let l(h) = h - 14. Let b be l(9). Let i(s) = s**2 + 2*s - 1. What is i(b)?
14
Let x(u) = -u. Let b(c) = -4*c + 11. Let h(z) = b(z) - 2*x(z). Give h(8).
-5
Let u(s) = -s**2 - 1. Suppose 0 = 12*v - 7*v + 5. Let b = -2 - -3. Let f be v/2*-2 + b. What is u(f)?
-5
Suppose -m = 5*c + 12 - 34, 2*m = -c + 8. Let s(n) = 5*n + 2 - c - 4*n. What is s(4)?
2
Let g(o) = -8*o - 7. Let l be 6/((4 - 3)*-1). Let m(z) = -3 + 1 + 1 - z. Let w(y) = l*m(y) + g(y). What is w(1)?
-3
Let p(f) = 1 + 6011*f**2 - 6010*f**2 - 3. Determine p(3).
7
Let g(r) = 2*r**2 + 2*r - 178 - r**3 + 174 - 3*r**2 + 0*r. Let q be ((-1)/2)/((-1)/(-6)). Determine g(q).
8
Let k = 70 - 61. Let g(n) = n - 5. What is g(k)?
4
Let s be (-21)/(-9) - (-8)/12. Let l(j) = 3 + 4 - s - 8*j + 7*j**2 - j**3. Give l(6).
-8
Let i be 1 - (2/12 + (-305)/30). Let l(a) = -a**2 + 10*a + 7. Give l(i).
-4
Let g(p) = -p**2 - 6*p - 2. Suppose -3*v + v + 32 = 0. Suppose 4*y - w = -0*y - v, 0 = -4*y + 2*w - 12. Determine g(y).
3
Let a = -12 - -6. Let j(n) = n + 11. Let s be j(a). Let p(u) = -2*u**2 + 5*u - 5. Let h(d) = 3*d**2 - 7*d + 7. Let t(m) = s*h(m) + 7*p(m). Calculate t(1).
1
Suppose z - 4*t = 6*z + 24, -5*t - 21 = 4*z. Let v(d) = d**3 + 4*d**2 + 2. What is v(z)?
2
Suppose 7 = 2*u - 3*c, 0 + 1 = -c. Let i(n) = -8 + 8 - n**3 - 5*n - 7*n**u. Calculate i(-6).
-6
Suppose 3*x + 5*i = -x - 16, 0 = -x + 4*i + 17. Let r be x/((2/1)/(-2)). Let s(k) be the third derivative of k**6/20 - k**5/60 + k**3/6 - k**2. What is s(r)?
-6
Suppose h = 5*f - 22, h + 18 = 4*f + 1. Let y(q) = -q - 3. Determine y(h).
-6
Let c(m) = -4*m + 2. Let r(n) = 2*n**2 + n + 1. Let h be r(-1). What is c(h)?
-6
Let c(s) = -15*s - 148. Let q be c(-10). Let t(u) be the third derivative of -u**5/60 + u**4/12 - u**3/2 + u**2. Calculate t(q).
-3
Let h(q) = -q - 3. Let l be h(-5). Let i(y) = -y**l + y + 0*y + 0 - 5. Let g(r) = -r - 5. Let x be g(-5). Determine i(x).
-5
Let b(c) = c**3 + 5*c**2 - 2*c - 5. Let i(u) be the third derivative of -u**5/60 - u**4/6 - 5*u**3/6 + 4*u**2. Let s be i(-4). What is b(s)?
5
Let n(t) = -3*t - 20 + 2*t + 21. What is n(-3)?
4
Suppose -5*p = -6*p + 4*g + 19, 20 = -5*g. Let k(r) = 2*r - 10. Let i be k(7). Let l(x) = 4 - i*x + 0*x**3 + 3*x - 2*x + x**3 - 2*x**2. Calculate l(p).
4
Let u = -4 + 6. Let y(w) be the second derivative of -w - 1/3*w**3 + 0 - 1/2*w**2 + 1/12*w**4. Give y(u).
-1
Let r(c) be the second derivative of 0 + 1/6*c**4 + c - 1/2*c**2 + 1/3*c**3. What is r(-3)?
11
Let u(i) = -i**3 - i. Let z(d) = -7*d**3 + d**2 - 4*d - 1. Let o(n) = 3*u(n) - z(n). Determine o(-1).
-5
Suppose 0*t - 2*c = -3*t + 5, -4*t + 2*c + 10 = 0. Suppose j + 3*n = -3*j - 6, n = -t*j - 13. Let s(o) = -o**2 - 4*o. What is s(j)?
3
Let c(k) be the first derivative of -k**7/840 - k**6/90 - k**5/120 - k**4/12 - k**3 - 1. Let o(l) be the third derivative of c(l). Give o(-4).
2
Let z(s) = 3*s + 3 - 6*s - 5. Suppose 0 = 2*n - 1 + 5. Give z(n).
4
Let c(m) be the third derivative of -m**4/24 + m**3 - 24*m**2 + 1. What is c(5)?
1
Let h(y) = -9*y**2. Suppose -9 = -14*g + 5*g. Determine h(g).
-9
Let i(p) = p**2 + 3*p - 4. Let b(t) = t**2 - 4*t - 2. Let d be b(5). Suppose -r = -d*r - 10. What is i(r)?
6
Let o(w) = 4*w**2 + 6*w**2 + 4 + w**3 - 5*w**2 - 4*w + 2. Give o(-6).
-6
Suppose 0 = -7*f + 8*f. Let w(y) = 6*y + y**2 - 2*y + f*y + 2. Let z be (5 - 1)*6/(-8). What is w(z)?
-1
Let y(a) = -a**2. Let b = -27 + 28. Calculate y(b).
-1
Let x(c) = 2*c - 4*c**2 + 0*c**3 - 2*c**3 - 5 + c**3. Let a = 1 - 5. What is x(a)?
-13
Let k(b) = -b**3 - 3*b**2 - 5*b - 3. Let v(z) = 5*z + 3. Let t(o) = 9*o + 5. Let x(r) = 4*t(r) - 7*v(r). Let l be x(-2). Give k(l).
12
Let o(s) be the third derivative of s**4/24 + s**3/3 - 8*s**2. Let f(h) = h + 5. Let t be f(0). What is o(t)?
7
Let n(h) = -h - 1. Let z be n(-3). Suppose 15 = l - 3*k, 0*k + 10 = 2*l - z*k. Let w(o) = -o**2 + o + 3. Determine w(l).
3
Let n(q) = 10*q - 6 - 3*q + 3. Suppose -100 = -9*d - 82. Calculate n(d).
11
Let a(m) = 3*m + 2. Suppose -2*v - v = -6. Suppose 0 = 3*y - 4*b - b + 42, v*y = 5*b - 33. Let t be 4/(-16) + y/(-4). What is a(t)?
8
Let q(c) = 2*c**2 - 2*c + 6. Let a(s) = 1. Let r(v) = 10*a(v) - q(v). Give r(4).
-20
Let c(z) = 2*z + 6*z - 7*z. Give c(-4).
-4
Let q(p) = p**2 - 3. Suppose -2*v = -v. Let f be 1 - 0 - -9*2. Suppose 5*r = 2*l + f, r + v = l + 2. What is q(l)?
6
Let p(m) = 5*m + 6. Let k(u) = -11*u - 13. Let c(v) = -2*k(v) - 5*p(v). Determine c(-5).
11
Let u(z) be the third derivative of z**6/15 + z**5/30 - z**3/6 + 2*z**2. Let n = 29 + -28. Give u(n).
9
Let q be -2 + 8*1 + -2. Suppose -4*h + 6*s - 2*s + 32 = 0, -5*s = 5*h - 40. Let k(c) = -3 - 4 - 3 - c + h. Give k(q).
-6
Let p(z) = -z**3 + 7*z**2 - 6*z + 6. Suppose -24 - 12 = -6*a. Calculate p(a).
6
Let t(q) be the second derivative of q**7/1260 + q**6/360 - q**5/120 - q**4/6 - 5*q. Let r(j) be the third derivative of t(j). What is r(1)?
3
Let n(m) be the third derivative of -m**6/120 - m**3 - 2*m**2. Determine n(0).
-6
Suppose -4*t + 3 = -17. Let m(k) = 1. Suppose 3*d = -0*d + 18. Let h(s) = -s - 1. Let b(a) = d*m(a) + h(a). Give b(t).
0
Suppose 0 = -b - 3*b - 4*q + 16, -b = -q - 2. Let z = 5 + -2. Let x(v) = -6*v + 2*v + v**2 + z*v - 1. Calculate x(b).
5
Let d be (-8)/3*21/14. Let s(z) = z + 2. Calculate s(d).
-2
Let x(o) = o**3 - 8*o + 15*o - 7*o - 2*o**2. Give x(3).
9
Let b = 13 + 8. Suppose 16 = -f + 3*o, b = 4*f - 3*o + 8*o. Let j(p) = -3*p**3 + 0*p**3 + 2*p**2 - 1 + 6*p**3. Give j(f).
-2
Let t = -3 + 5. Suppose 0 = t*r + 1 - 7. Let h(w) = 3 - 3*w - r. Determine h(-2).
6
Let w(j) = -j**3 + 6*j**2 + j - 8. Let q(p) = p**2 + 2*p - 2. Let o be q(-4). What is w(o)?
-2
Let w(s) be the second derivative of -5*s**4/12 + s**3/3 - s**2/2 + 7*s. Give w(1).
-4
Let h(z) = z**2. Suppose -b + 5*b - 2*a = -6, -2*a = -2*b. Give h(b).
9
Suppose 1 = -3*v + 7. Let t(p) be the second derivative of 3*p + 0 + 3/2*p**v - 1/6*p**3. Calculate t(4).
-1
Let u(r) = r**2 + 13*r + 8. Let v be u(-12). Let x(j) = -j**3 - 3*j**2 + 2*j - 1. Calculate x(v).
7
Let c(r) be the second derivative of -r**3/6 + 5*r**2 + 2*r. Let b be c(7). Let k = 0 - b. Let v(s) = s**3 + 3*s**2 - 2*s. Calculate v(k).
6
Let g(q) = -q**3 + 8*q**2 + 8*q + 4. Let f be g(9). Let j(k) = 3*k + 5. Determine j(f).
-10
Let k(b) be the first derivative of b**3/3 + 3*b**2 + 6*b - 53. Calculate k(-5).
1
Let p(t) = -t - 1. Let w(d) = 0*d + d + 3 - 1. Let u(m) = 4*p(m) + 3*w(m). Suppose b - 5*x - 2 = -0*b, -2*b - 4*x - 10 = 0. Give u(b).
5
Let z be 2/(-4)*(1 - 3). Let l(w) = -4*w**2 + 1. Let u be l(z). Let s be (-1 - 2/(-3))*u. Let o(d) = -3*d**3 + 2*d - 1. Give o(s).
-2
Let y(i) = 4*i. Let v be y(1). Suppose 6*n - 22 = -5*m + 7*n, -v = 2*n. Let k(j) = -2*j**2 + j**3 - 4 - m - 3*j + 5. Give k(3).
-3
Let c(b) = -b + 4. Suppose 4*t + 3 + 21 = 0. Let q(f) = 1. Let m(j) = t*q(j) + 3*c(j). What is m(5)?
-9
Let k(g) = g**3 + 4*g**2 - 4*g - 3. Let a(q) = 2*q + 21. Let v be a(-13). Determine k(v).
-8
Suppose 0 = -0*r + r - 3. Let u(h) = -h + r - 1 